mine g(j).
-5
Let m(i) = 396*i**2 - 191*i**2 + 3 + 14*i - 201*i**2. Give m(-3).
-3
Let w(s) = -12*s + 0*s**2 + 101 - 66 - 61 + 4*s**2 - 3*s**2. Determine w(14).
2
Let u(l) = 5*l**3 - 13*l + 16*l + 21 - 22. Determine u(2).
45
Let u(m) = 9*m - 8. Let i(d) = 10*d - 9. Let x = 23 - 14. Suppose 0 = -4*n - x + 29. Let c(y) = n*i(y) - 6*u(y). Determine c(2).
-5
Suppose -2*j - 2*j = -4. Let k(c) = -4*c**2 - 2. Let z(v) = 77*v + v**2 + 2*v**2 - 2*v**2 - 76*v - v**3. Let m(t) = j*z(t) + k(t). Determine m(-3).
-5
Let a(w) be the second derivative of 2*w**2 - 1/12*w**4 + 2/3*w**3 + 17*w + 0. Determine a(4).
4
Suppose -3*p - 3*p = -48. Suppose 4*m - 8*m = p. Let b(c) = -c**2 + c + 2. Give b(m).
-4
Let j(n) = -3*n**2 + 7*n - 5. Suppose -r + y + 5 = 0, 3*r - 8*y + 7*y = 15. Calculate j(r).
-45
Let r(o) = o**2 - 4*o - 3. Let a(j) = -j**2 + 9*j + 74. Let f be a(14). Give r(f).
-3
Let v(j) = j**2 + 5*j + 4. Let b(f) = f**3 + 10*f**2 - f - 1. Let l be b(-10). Let n = -14 + l. What is v(n)?
4
Let c be (-1)/(1/(-3) + 4/3). Let r(j) = -j. Let z(o) = 5*o - 3. Let q(m) = c*z(m) - 3*r(m). Give q(2).
-1
Let y(m) be the third derivative of m**7/5040 + m**6/72 + m**5/6 + 7*m**2. Let r(c) be the third derivative of y(c). What is r(0)?
10
Let f(v) = -3 - 2 - 53*v - 3 + 55*v. Let u(l) = -l + 4. Let p(k) = -3*f(k) - 5*u(k). Suppose 3*x = -3*m + 15, -4*x - m = -3*m - 2. Give p(x).
2
Suppose -258 = 2*w - 72. Let c be w/(-33) + (-10)/(-55). Suppose -5*g - 2 = 3*s, c = 3*s - 5*s - 5*g. Let j(i) = 13*i**3 - i**2 - i + 1. What is j(s)?
12
Suppose 0 = y + y + 4. Let j be y/8 + 11/(-4). Let x(u) = -u + 16. Let l(z) = 2*z - 34. Let d(i) = -6*l(i) - 13*x(i). Calculate d(j).
-7
Let g be (-10)/(-3)*-1*(-30)/25. Let l(z) = 0*z + g*z - 1 + 3*z - 5*z. Determine l(-1).
-3
Let g(k) = 2*k**2 - k - 8. Let j(x) = x**2 - 20*x + 1. Let c(d) = g(d) - j(d). Give c(-20).
11
Suppose c = 5*c + 16. Let k(a) be the first derivative of a**3/3 + 3*a**2 + 5*a - 463. Calculate k(c).
-3
Let s(p) = -4*p**2 + p + 6. Let w = 40 - 24. Let v = 8 - w. Let a(f) = 11*f**2 - 4*f - 18. Let c(t) = v*s(t) - 3*a(t). Give c(6).
-6
Let h(p) be the third derivative of p**6/120 + 11*p**5/60 + 3*p**4/8 + p**3 + 18*p**2. Calculate h(-10).
16
Suppose -2*z + 4 = -4*r, -6*z + z + 25 = 5*r. Let j be (1 + -6)*-1 - r. Let s(g) = 3*g - 3. Determine s(j).
9
Let d(s) = s**3 - s**2 - s + 1. Let k be (-9)/(-3)*(-2)/6. Let p be 6 - 8 - (-1 - k). What is d(p)?
-9
Let v(s) = 2*s**2 - s + 1. Let y be v(1). Suppose -5 + y = h. Let m be (1 + 9/h)*1. Let f(p) = -p**3 - p**2 - 2*p. Determine f(m).
8
Let v(w) be the second derivative of w**3/6 + 7*w**2/2 - 4*w. Let p be v(-5). Let h(x) = p - 1 + 7*x + 3 - 3. Determine h(-1).
-6
Let u be 5/(-4)*(2 + 2). Suppose 5*v = 3*f + 13, 4*v - 6 = -0*v - 2*f. Let t(m) = -m**2 - 2 + m - 1 - 6*m - v*m. Give t(u).
7
Let x(r) = r**3 - 8*r**2 + 8*r + 11. Let a be x(7). Suppose 0 = 3*h - 8*h + 15, -4*f = 2*h - a. Let l(d) = -2 + 4*d**2 + 4 - f*d**2 - 7. Give l(-4).
11
Let k(f) be the second derivative of -f**5/20 + 29*f**4/12 - 2*f**2 + 171*f. What is k(29)?
-4
Suppose -2*t - 5*d + 12 = 0, -3*t = t - d - 46. Suppose t = 7*l + 67. Let w(c) = c**3 + 9*c**2 + 7*c - 8. Give w(l).
0
Let o(k) be the third derivative of -k**5/60 + k**4/24 - 59*k**2. Give o(-4).
-20
Suppose 26 = 5*i - 9. Let o(h) be the first derivative of -h**3/3 + 3*h**2 - h - 71. Give o(i).
-8
Suppose -16 = -6*i + 20. Let f(r) = -3*r + 9. What is f(i)?
-9
Let v(a) be the first derivative of a**4/4 + 2*a**3/3 - 5*a**2 - 5*a - 102. Calculate v(-4).
3
Let a(o) = o**2 - 6*o + 2. Let r be 13/(364/184) + 9/21. What is a(r)?
9
Let k(g) be the first derivative of -10*g**3 + g**2/2 + g + 49. Give k(-1).
-30
Let s(a) = 5*a + 22. Let v be (2/(-1) + 4)/((-66)/165). Determine s(v).
-3
Let b(j) = -3*j + 3. Let r be b(2). Let f(d) = -d**3 + d**2 + 4*d. Let u(g) = 3*g**3 - 4*g**2 - 13*g. Let a(q) = -7*f(q) - 2*u(q). What is a(r)?
-12
Let u(g) = -1. Let z(p) = p**2 - 1. Let x(k) = -u(k) - z(k). Let a(r) = -r**3 - 9*r**2 + 9. Let i be a(-9). Let v be (-1)/(-2 - (-15)/i). Give x(v).
-7
Let y(u) be the third derivative of u**6/120 - 2*u**5/15 + u**4/3 + 5*u**3/6 - 58*u**2. Calculate y(7).
12
Let v(h) = h**3 - 5*h**2 + h - 8. Let z(k) = -k**2 + 303*k + 4 - 3 - 301*k. Let a(r) = v(r) + 4*z(r). Calculate a(8).
4
Let w(v) = 438 + 4*v + 438 + 2*v**3 - v - 878 - 3*v**3. Let k be 4/(-8) - 5/(-2). Give w(k).
-4
Let t(r) = 11*r**2 - 17*r + 77. Let b(v) = 5*v**2 - 7*v + 38. Let y(h) = 13*b(h) - 6*t(h). Calculate y(13).
6
Let o(j) = -10*j**3 + 23*j**2 - 3*j - 13. Let d(f) = 3*f**3 - 8*f**2 + f + 5. Let s(c) = 7*d(c) + 2*o(c). Calculate s(10).
19
Let l(k) = -k**2 - 22*k - 110. Let h be l(-7). Let v(m) = m**2 + 5*m - 8. Determine v(h).
-8
Let u be 3 + 1 + 1 + -3. Suppose 9 = u*j - o, 0 = j - 2*o - 11 + 2. Suppose -3*c = -j - 6. Let w(d) = -3*d. What is w(c)?
-9
Let q(f) = -3*f + 4. Let g(p) = -4*p + 5. Let l(r) = -2*g(r) + 3*q(r). Let i(u) = -u**2 - 20*u - 24. Let o be i(-19). Calculate l(o).
7
Suppose -4 + 9 = -5*j. Let w(c) = 10 - 9 + 2301*c - 2296*c. Give w(j).
-4
Suppose -h + 5*q + 15 = 0, -h + 11 = -5*q + q. Let s = 2 - 0. Let d(c) = -6*c**s + 4*c**2 + 1 + 3*c**2 + 6*c. Calculate d(h).
-4
Let h be 6/((-6)/2) + -4. Let k = 1 - -4. Let d(r) = k*r + 3 - 4*r**3 + 8*r**2 - r**2 + 5*r**3 - 10. Calculate d(h).
-1
Let u(x) = -x**2 - 11*x + 28. Let m be u(-13). Let d(t) = 2*t**2 + 4*t**m - 8*t + 15 - 2 - 7*t**2. Give d(-9).
4
Let t(v) be the second derivative of v**4/12 - v**3/3 - 5*v**2/2 - v. Let p be 56/(-2 - -4) + -2 + 5. Suppose 6 = -5*y + p. Determine t(y).
10
Let p(v) = -2*v**2 - 3*v - 1. Let g(b) = -b**2 - 3*b + 2. Suppose 3*j - a - 6 = 2*a, -3*j = 2*a - 26. Let f = j + -10. Let t be g(f). Determine p(t).
-3
Let k(q) = -q**3 + 7*q**2 - q + 4. Suppose 2*c = c + 65. Let h = -36 + c. Let z be 1/(-4) + h/4. What is k(z)?
-3
Let w(m) = m**3 - 3*m**2 - 3*m + 6. Let s be 90/(-165) + 1 + 117/33. Determine w(s).
10
Suppose 0 = -13*r - 50 + 24. Let d(l) = 8*l**3 + 2*l**2 + l + 1. Let f(g) = 7*g**3 + 2*g**2 + g + 1. Let h(a) = -5*d(a) + 6*f(a). Determine h(r).
-9
Let g(n) = n - 4. Let q(d) = 2*d - 10. Let k(i) = 5*g(i) - 3*q(i). Determine k(6).
4
Suppose 0 = -5*x + 2*c - 2 + 41, 2*x - 10 = -2*c. Let h(w) = -3*w**2 - 23*w + 9. Let z(f) = 2*f**2 + 12*f - 4. Let i(k) = 3*h(k) + 5*z(k). Determine i(x).
-7
Let d = -18 + -18. Let l = d - -64. Let y = -30 + l. Let r(a) = -2*a. Calculate r(y).
4
Let t(w) be the second derivative of 7*w**3/3 - 15*w**2/2 - 31*w. Let r(k) = 5*k - 5. Let x(f) = -8*r(f) + 3*t(f). What is x(-5)?
-15
Let z(j) = -9 + 4 + 4 - 4*j**3 + 3*j**3 + j. Let f(c) = -3*c**3 + 3*c**2 + c - 3. Let o(i) = f(i) - 2*z(i). Give o(2).
1
Suppose 0 = -i - 11 + 11. Let g(c) = 11*c - 2*c**2 - 12*c - 5 - 1 + c**2. Determine g(i).
-6
Suppose -4*g + 32 = 40. Let l(z) = -3*z**2 + z - 2. What is l(g)?
-16
Let u(a) = 2*a - 18. Let d be u(10). Let l(y) = -17*y**3 + 18*y**3 + y**2 + d + 1 - 6. Let w be 2 + 2*-2 + 2. Calculate l(w).
-3
Let y be 36/(-42)*(2 - 60/9). Let g(b) = 3*b**2 + 6*b + 6. Let n(j) = 4*j**2 + 7*j + 7. Let q(x) = y*n(x) - 5*g(x). What is q(3)?
1
Suppose -u - u = -48. Let x be (-3 - 51/(-2)) + (-3)/(-2). Let b = x - u. Let n(o) = o**3 - o**2 + 1. What is n(b)?
1
Let i(u) = -5*u**2 + 9*u + 7. Let g(j) = 9*j**2 - 18*j - 13. Let w(b) = -6*g(b) - 11*i(b). Let x be (7/2*-1)/(4/8). Calculate w(x).
-13
Let d(c) = 2*c - 1. Let j(g) = -14*g + 72. Let f be j(14). Let w = f + 119. Give d(w).
-11
Let x(l) = -3*l**2 + 38*l - 34. Let f(q) = -q**2 + 12*q - 11. Let w(n) = -7*f(n) + 2*x(n). Give w(6).
-3
Let n(d) = 6*d - 2 + 13*d + 3 + 16*d - 32*d. Determine n(2).
7
Let n(x) be the second derivative of 1/2*x**2 - 1/3*x**3 + 7*x + 0. Give n(-2).
5
Let w = -22 + 24. Let n(b) = 1 + w*b**2 - 5*b**2 + 2*b - b**2. Calculate n(-1).
-5
Suppose 2*u + 55 = 3*m - 4, u = 4*m - 27. Suppose 0 = -3*g + 6*g - 78. Let h = u + g. Let n(j) = j + 12. Determine n(h).
7
Suppose -9 = -p + 12. Let z be (3 + p/(-9))*3. Let u(h) = -h + 3. Give u(z).
1
Let k(z) = -z**2 - 6. Suppose 5*g - 9 = 3*r, 0 = 5*r - 5*g + 7 + 18. Let y be (16/(-10))/(r/(-140)). Let c = y - -28. Give k(c).
-6
Let n(m) be the first derivative of m**2/2 + 12*m + 185. Give n(-7).
5
Let x = 24 - 21. Suppose 8*t + z - 34 = x*t, -2 = t - 2*z. Let a(q) = -q